f be o(66). Let s(a) = 6 + a - 11 - 4 + a**2. Give s(f).
3
Suppose 22*i = 8*i - 112. Let g(n) = 3*n - 12*n + 9 + 8*n - n. What is g(i)?
25
Suppose -61*g - 91*g = -304. Let u(c) = -c**2 - 3*c + 3. What is u(g)?
-7
Let w(l) = 6*l - 6. Let v(i) = -5*i + 7. Let a(o) = 7*v(o) + 6*w(o). Let g(m) = m**3 + 35*m**2 + 26*m - 283. Let s be g(-34). What is a(s)?
2
Let f be (-227)/16 - 78/(-416). Let m(d) = 9*d + 123. Calculate m(f).
-3
Let n = 255 + -252. Let h(k) = 8473*k**2 - 2*k + k**n - 8473*k**2 + 3. Calculate h(3).
24
Let w(b) be the second derivative of -b**3/6 + 3*b**2 - 23*b. Let d(m) = -m**2 - 4*m + 4. Suppose 40*s - 38*s + 8 = 0. Let x be d(s). Give w(x).
2
Let z(g) = 2 - 2*g - 8 + 5. Suppose 0 = -2*c - 4, 2*r - r = 2*c + 10. Suppose p + 0*p = -d - r, -3*p = -3*d - 6. Give z(p).
3
Let j(n) be the first derivative of n**3/3 - n**2 + 3*n - 2363. What is j(-2)?
11
Let u(h) be the first derivative of h + 52 + 5/2*h**2. What is u(-2)?
-9
Let q(g) = -g**3 + g**2 + g + 1. Let z(c) be the first derivative of -c**4/4 + 2*c**3 + 3*c**2 - 3*c - 27. Let p(f) = -2*q(f) + z(f). Determine p(-4).
-21
Let g(a) = -5 + 11 - a**2 + 6 - 9*a - 2*a. Let i(m) = -3*m - 2. Let s be i(3). Calculate g(s).
12
Let o(l) = l**3 + 10*l**2 + 9*l + 5. Suppose 0 = 3*p + 3*p - 18. Let f be 16/(-12)*(-6 + p). Suppose -v - 4*a - f = 5, -36 = 4*v - 5*a. Determine o(v).
5
Let p(c) = -c**3 + 52*c**2 + 15 - 19 + 36 - 43*c**2 + 14*c + 3*c**3. Give p(-4).
-8
Let m(q) be the third derivative of 0*q - 1/12*q**4 + 1/30*q**5 + 0 - 1/120*q**6 - 1/6*q**3 - 16*q**2. Suppose 7*o = -147 + 161. Give m(o).
-5
Let d = 289 + -287. Let q(t) = -3 - 5*t - d - 8 + 6. Give q(-3).
8
Let w(c) = 49*c - 137. Let r be w(3). Let x(l) = -4*l - 21. Calculate x(r).
-61
Let k(r) = 1 - r**3 - 6*r**2 + 12*r**2 + 8*r**2 + 9*r - 7*r**2 - 5*r**2. What is k(4)?
5
Let k(i) = -15*i**2 + 25*i + 46. Let o(n) = 17*n**2 - 27*n - 51. Let t(u) = -8*k(u) - 7*o(u). Calculate t(11).
-11
Let x(v) = 3*v**2 + 23*v + 3. Let b = -5215 - -5208. Give x(b).
-11
Let o(b) be the third derivative of -b**4/8 + 13*b**3/6 + 2*b**2 + 60*b. Determine o(6).
-5
Let h(y) = -10*y. Let a be (48/(-84))/((-5)/(-35)). Calculate h(a).
40
Suppose 30 = 5*m - 363*t + 359*t, -4*t - 10 = 5*m. Let a(n) be the first derivative of m + 1/4*n**4 - 5/3*n**3 + 0*n**2 - 5*n. Give a(5).
-5
Let z(r) be the first derivative of -11*r**2/2 - r + 5878. Calculate z(-5).
54
Let k(p) = 20*p - 7054 + 7053 - 19*p - 2*p**2 + 0*p**2. Determine k(1).
-2
Let t(l) = 27443*l - 13718*l - 13716*l - l**3 + 8 - 5*l**2. Let z(s) = -s**2 - 6. Suppose 0*u = 2*u. Let c be z(u). Give t(c).
-10
Let v = 2943 + -2947. Let g(j) = 8*j + 2. What is g(v)?
-30
Let k(q) = 4*q - 154. Let a = 11788 - 11750. Calculate k(a).
-2
Let s(r) be the first derivative of -r**4/4 + 8*r**3/3 - 4*r**2 + 10*r - 31. Let z be 6*(3/6)/(-1). Let p = 4 - z. Calculate s(p).
3
Let h(i) = 9*i**2 - 16*i - 11. Let n = -310 - -313. Let f(u) = -7*u**2 + 15*u + 9. Let r(w) = n*h(w) + 4*f(w). Give r(13).
-10
Let f(r) = 5414*r**3 - 10814*r**3 + 28*r + 5401*r**3 + 26*r**2 + 49. Give f(-25).
-26
Let f(v) = -v**3 + 3*v**2 - v - 2. Let n be f(2). Let g(x) = n*x - x + 3 - 9. Let d(i) = -3*i - 24. Let b be d(-7). Calculate g(b).
-3
Let v(l) = 9*l - 90. Let c = -620 + 587. Let k(d) = d - 11. Let f(y) = c*k(y) + 4*v(y). Determine f(-3).
-6
Let n(q) = -q**3 - 4*q**2 + 5*q - 6. Let t be n(-5). Let z(p) = -p**3 - 5*p**2 + 8*p - 4. Give z(t).
-16
Let q = 2 + -4. Let s(t) = 5*t**3 - 9*t**2 - 160*t - 1. Let p(w) = 6*w**3 - 10*w**2 - 187*w - 1. Let j(b) = 6*p(b) - 7*s(b). Determine j(q).
9
Let k = -6511 + 6505. Let c(q) = -15*q + 17. What is c(k)?
107
Let s(v) = -93*v + 24. Let b(y) = 102*y - 25. Let m(f) = 8*b(f) + 9*s(f). What is m(1)?
-5
Let f(z) = z**3 - 2*z**2 - 4*z - 3. Let h be f(3). Let u(m) = 15*m + 14. Give u(h).
-76
Let l(g) = g**3 + 13*g**2 + 12*g + 14. Let r be -12 - (2 - 7 - (-5 - 0)). Let i be l(r). Let a(b) = -b**3 + 13*b**2 + 14*b - 4. Give a(i).
-4
Let o(f) be the third derivative of 0*f + 3/2*f**3 + 5/24*f**4 + 233*f**2 + 0. Calculate o(-2).
-1
Let t(c) be the second derivative of 7*c**3/6 + 131*c**2 + 2538*c. Give t(-36).
10
Let t(k) = -k**2 + 9*k - 5. Let h = 146 + -138. Let d be t(h). Let s(y) = -d - 7 - y + 8 + 1. What is s(8)?
-9
Let w(r) = -2 + 6902125*r - 4*r**2 - 6902123*r + 8*r**2 + r**3. Calculate w(-6).
-86
Let r be 6/9 - (-4)/(-6). Let d(i) = 2*i**3 + r + i - 7*i**2 - 1 - 3*i**3. Let h(a) = a**3 - 7*a**2 - 62*a + 457. Let y be h(-8). Determine d(y).
-8
Let q(x) = -x**2 + 3*x - 1. Let d(z) = 15*z**2 - 48*z + 15. Let u(r) = -2*d(r) - 33*q(r). Let v be ((-2)/(-3))/((-54)/5265). Let p = 67 + v. What is u(p)?
9
Let p(g) = -8*g - 43. Let y be -4*(11 + 781/(-44) + 8). What is p(y)?
-3
Let d be 9 + (-150)/(28 - 13). Let o(a) = 4*a + 5. Calculate o(d).
1
Suppose -13 + 15 = -2*r. Let m(h) = -1. Let g(p) = p**2 + 1. Let c(j) = -6*g(j) - 5*m(j). What is c(r)?
-7
Suppose -2*c - 6 = -c. Suppose 4*x - 16 = 4*r, 4*x - 23 + 11 = 2*r. Let v(h) = 0*h + h - 20 + 24 - x*h + 2*h. Calculate v(c).
-2
Let m(k) be the third derivative of -k**6/60 + k**4/24 - 106*k**2. Let n = -48 - -47. Give m(n).
1
Let o(v) = 8*v**2 - 1. Let z be o(-1). Let h = z - 4. Let k(u) be the first derivative of u**4/4 - u**3/3 + u - 5319. Determine k(h).
19
Let a = -263 + 34. Let p = 228 + a. Let k(t) = -5*t**2 - 2*t - 1. Determine k(p).
-4
Let s(h) = 83*h + 2. Let o = 1426 - 1427. Give s(o).
-81
Let g(a) = a**3 + a**2 + a - 1. Let x be 6/(-51) - (-95)/85. Let n(h) = 23*h**3 + 6*h**2 + 6*h - 5. Let v(p) = x*n(p) - 6*g(p). Calculate v(-1).
-16
Let y(w) = -11*w - 25. Let m(v) = 3*v**3 - 69*v**2 + 75*v - 203. Let n be m(22). Determine y(n).
30
Let j(q) = -q**2. Let r(u) = -u**2. Let g(w) = 7*j(w) - 6*r(w). Let f(z) = z**2 - 3. Let v be f(2). Determine g(v).
-1
Let u = -85 + 94. Suppose -2*b - u = -11. Let p(c) = -2*c + 1. Calculate p(b).
-1
Let x(z) = -z**3 + 3*z**2 + 4*z - 4. Let p be x(4). Let u(v) be the third derivative of -v**5/60 - v**4/6 + 2*v**3/3 - 68*v**2 + v - 24. Give u(p).
4
Let b(h) = 19669 + 19498 - 38959 + 29*h. Give b(-7).
5
Suppose 12*s - 186 + 6 = 0. Suppose 5*l = 4*m + 45, -4*l - 1 = -2*m - 31. Let o be 0/(s/m) - (1 + -2). Let d(j) = -7*j**2 + 2*j - 1. Calculate d(o).
-6
Let x(n) be the first derivative of n**4/4 - 5*n**3/3 - 5*n**2/2 - 9*n + 179. What is x(6)?
-3
Suppose 127 = s + 115. Suppose 0 = 2*x - s + 10. Let q(c) = -4*c - 1 + 3*c - 5*c**2 + 3*c. What is q(x)?
-4
Let y(m) = -m**3 - 9*m**2 - 9*m + 7. Let v be -2 + 13/(-2) + (-3)/(-6). Let n be y(v). Let j(k) = n - 10 - k + 3*k. What is j(-6)?
-7
Let y(d) = -4*d**2 + 108*d + 8. Let p be y(27). Let k(f) = -2*f + 24. Calculate k(p).
8
Let n(y) be the first derivative of y + 1/3*y**3 + 3 - y**4 + 1/2*y**2. Suppose 5*i = -5*p - 15, -4*i - 2*p - p - 10 = 0. Give n(i).
5
Suppose 0 = r + 15 - 21, 2*r = -3*a + 18. Let p(u) be the third derivative of 0 - 4*u**a + 0*u - 1/24*u**4 + 1/6*u**3. Determine p(-2).
3
Suppose 6*f - 1 = 11. Let a(c) be the second derivative of -c**5/40 - c**4/12 - c**3 - 6*c. Let t(s) be the second derivative of a(s). Determine t(f).
-8
Let o(l) = -l**2 + 4*l + 41. Let z = -3664 - -3659. Calculate o(z).
-4
Let m(y) be the third derivative of -y**5/60 - 17*y**4/24 + 17*y**3/3 + 28*y**2 - 72. Determine m(-18).
16
Let t = 7288 + -7277. Let q(n) = 7*n**2 - 76*n - 5. Give q(t).
6
Let a = 59 + -57. Let n(b) = a + 3*b**2 - 10*b**2 - 24*b**3 - 6*b + 4 + 23*b**3. Let m be (4/1)/((-4)/6). Determine n(m).
6
Let k(g) = 11*g + 2. Let s(x) = -20*x - 5. Let y(w) = w**3 + w**2 - 2*w + 6. Let q be y(-3). Let o(p) = q*s(p) - 11*k(p). Suppose -6 = h - 0. What is o(h)?
14
Let i(g) = 5*g - 11. Let s = 1486 + -521. Let o = -960 + s. What is i(o)?
14
Let v(w) = w**2 + 9*w - 30. Let r be v(-13). Suppose r = -4*a + 50. Suppose a*d = 4*d - 4*s - 11, 5*d - s - 20 = 0. Let h(j) = -5*j + 1. Determine h(d).
-14
Let v(c) be the second derivative of 2/3*c**3 - 3*c**2 + 183 - 2*c - 1/12*c**4. Give v(0).
-6
Suppose 7 = -s + d - 5*d, -5*s + 3*d = -57. Suppose -s*l = 337 - 229. Let i(m) = -3*m - 11. Calculate i(l).
25
Let t = 5159 - 5155. Let b(k) = k + 1. Let p(m) be the third derivative of m**5/30 - 7*m**4/12 - 4*m**3/3 - 5*m**2. Let i(l) = -8*b(l) - p(l). What is i(t)?
-8
Let f = 337 - 278. Let w(j) = 17*j + 